) to base 14.
-20
Convert -1a (base 15) to base 4.
-121
What is -3 (base 14) in base 3?
-10
Convert 3310 (base 4) to base 5.
1434
Convert -1 (base 8) to base 14.
-1
What is 6 (base 16) in base 5?
11
10 (base 2) to base 4
2
Convert 2 (base 5) to base 7.
2
Convert -102 (base 6) to base 8.
-46
Convert -1 (base 16) to base 2.
-1
-225 (base 8) to base 7
-302
Convert 11 (base 2) to base 8.
3
Convert 2 (base 15) to base 14.
2
What is -1 (base 6) in base 2?
-1
Convert 2 (base 4) to base 12.
2
Convert -3 (base 5) to base 4.
-3
403 (base 6) to base 3
12110
Convert -6 (base 14) to base 7.
-6
a (base 12) to base 6
14
0 (base 13) to base 12
0
-13 (base 15) to base 10
-18
What is -1 (base 13) in base 15?
-1
-3 (base 8) to base 6
-3
b (base 14) to base 15
b
What is 91 (base 16) in base 7?
265
What is 112 (base 6) in base 16?
2c
What is -1320 (base 5) in base 8?
-322
-1021 (base 6) to base 16
-e5
Convert 36 (base 12) to base 6.
110
What is -2 (base 16) in base 2?
-10
What is 62 (base 15) in base 5?
332
Convert -10 (base 4) to base 16.
-4
What is 130 (base 10) in base 12?
aa
276 (base 8) to base 16
be
46 (base 9) to base 5
132
What is -12 (base 9) in base 2?
-1011
What is 365 (base 8) in base 10?
245
132 (base 7) to base 10
72
-100 (base 3) to base 12
-9
-1 (base 13) to base 15
-1
Convert -5 (base 15) to base 2.
-101
-10 (base 7) to base 15
-7
Convert -3a (base 13) to base 16.
-31
-5 (base 7) to base 3
-12
Convert 0 (base 5) to base 13.
0
13 (base 14) to base 6
25
2 (base 6) to base 9
2
Convert 1 (base 10) to base 3.
1
What is -120 (base 9) in base 11?
-90
What is 414 (base 6) in base 4?
2122
-19 (base 12) to base 10
-21
43 (base 7) to base 14
23
What is 29 (base 11) in base 12?
27
-6 (base 7) to base 9
-6
2331 (base 5) to base 2
101010101
What is 3 (base 10) in base 16?
3
What is ba (base 13) in base 11?
12a
Convert 30 (base 5) to base 9.
16
What is 22 (base 3) in base 14?
8
What is -1 (base 2) in base 10?
-1
Convert -23 (base 6) to base 5.
-30
0 (base 9) to base 16
0
What is 2 (base 11) in base 6?
2
Convert 0 (base 16) to base 12.
0
What is -4 (base 11) in base 13?
-4
Convert 125 (base 8) to base 6.
221
1 (base 13) to base 6
1
1 (base 7) to base 6
1
What is 1 (base 12) in base 14?
1
What is -2002 (base 3) in base 10?
-56
Convert 10 (base 8) to base 4.
20
Convert -21 (base 4) to base 3.
-100
-11 (base 5) to base 16
-6
What is ec (base 16) in base 14?
12c
Convert -2 (base 14) to base 15.
-2
What is -3 (base 9) in base 2?
-11
Convert -45 (base 7) to base 13.
-27
What is -1 (base 2) in base 4?
-1
What is 536 (base 8) in base 15?
185
-57 (base 10) to base 7
-111
Convert 5 (base 9) to base 7.
5
Convert 455 (base 7) to base 2.
11101100
a0 (base 13) to base 10
130
What is -112 (base 4) in base 10?
-22
Convert -14 (base 14) to base 10.
-18
What is -24 (base 6) in base 3?
-121
Convert -1 (base 9) to base 15.
-1
What is 15 (base 13) in base 5?
33
What is -2 (base 11) in base 14?
-2
-3 (base 14) to base 2
-11
What is 4 (base 8) in base 13?
4
Convert -8 (base 10) to base 8.
-10
Convert -6 (base 13) to base 10.
-6
3 (base 15) to base 7
3
What is -11110 (base 3) in base 14?
-88
Convert -1101000 (base 2) to base 6.
-252
What is 10 (base 13) in base 2?
1101
What is -a1 (base 13) in base 15?
-8b
Convert 1 (base 13) to base 6.
1
Convert -18 (base 16) to base 11.
-22
Convert -44 (base 15) to base 3.
-2101
168 (base 15) to base 4
11003
What is -3 (base 9) in base 14?
-3
-132 (base 7) to base 2
-1001000
Convert 33 (base 6) to base 3.
210
-2 (base 11) to base 7
-2
What is 12210 (base 3) in base 12?
110
Convert -310 (base 5) to base 8.
-120
Convert 1010011 (base 2) to base 14.
5d
Convert -ca (base 14) to base 12.
-12a
Convert -20 (base 5) to base 12.
-a
Convert -95 (base 16) to base 11.
-126
-34 (base 11) to base 16
-25
What is -4 (base 15) in base 11?
-4
Convert -43 (base 16) to base 3.
-2111
Convert -1 (base 4) to base 8.
-1
What is 223 (base 4) in base 3?
1121
Convert 1a (base 15) to base 14.
1b
What is 1 (base 9) in base 4?
1
What is 45 (base 14) in base 7?
115
-29 (base 11) to base 12
-27
2 (base 3) to base 8
2
100 (base 2) to base 9
4
Convert 5 (base 12) to base 3.
12
200 (base 5) to base 13
3b
-11 (base 3) to base 2
-100
23 (base 6) to base 9
16
-2 (base 3) to base 2
-10
What is -10 (base 2) in base 16?
-2
-3 (base 4) to base 5
-3
Convert 39 (base 11) to base 8.
52
-312 (base 4) to base 7
-105
What is 3 (base 16) in base 10?
3
What is -1 (base 13) in base 10?
-1
What is 0 (base 11) in base 5?
0
What is 3 (base 7) in base 9?
3
What is 136 (base 7) in base 12?
64
Convert 10111 (base 3) to base 4.
1132
Convert 44 (base 6) to base 8.
34
-14 (base 6) to base 13
-a
37 (base 12) to base 16
2b
Convert -27 (base 8) to base 14.
-19
Convert 2a (base 16) to base 14.
30
100 (base 5) to base 9
27
2 (base 15) to base 16
2
Convert -6 (base 9) to base 11.
-6
-1d (base 16) to base 14
-21
14 (base 6) to base 2
1010
Convert 10 (base 13) to base 16.
d
-17 (base 14) to base 12
-19
What is -1121 (base 3) in base 7?
-61
What is 1a (base 14) in base 8?
30
What is -8 (base 16) in base 5?
-13
Convert -9 (base 10) to base 16.
-9
7 (base 13) to base 8
7
-1010 (base 2) to base 11
-a
What is 2002 (base 3) in base 7?
110
What is 2 (base 3) in base 16?
2
Convert 6 (base 12) to base 13.
6
10 (base 3) to base 12
3
Convert 133 (base 11) to base 4.
2131
Convert -16 (base 9) to base 11.
-14
Convert -3 (base 7) to base 6.
-3
Convert 5d (base 16) to base 4.
1131
0 (base 4) to base 5
0
What is 10 (base 3) in base 6?
3
Convert 43 (base 7) to base 6.
51
Convert 2 (base 9) to base 7.
2
What is 12 (base 10) in base 16?
c
What is -b (base 14) in base 3?
-102
What is 67 (base 11) in base 9?
81
-8 (base 12) to base 11
-8
-1 (base 16) to base 12
-1
Convert -112 (base 3) to base 6.
-22
Convert 23 (base 5) to base 10.
13
Convert -45 (base 6) to base 16.
-1d
Convert -37 (base 12) to base 9.
-47
2 (base 3) to base 7
2
What is -9 (base 13) in base 3?
-100
-125 (base 11) to base 8
-224
Convert -7 (base 16) to base 5.
-12
What is 6 (base 15) in base 5?
11
Convert 3 (base 13) to base 6.
3
Convert 11 (base 6) to base 4.
13
What is -1 (base 12) in base 6?
-1
-101 (base 4) to base 9
-18
Convert -222 (base 3) to base 7.
-35
1 (base 6) to base 15
1
What is -3 (base 4) in base 15?
-3
What is 2 (base 6) in base 3?
2
112212 (base 3) to base 2
110010001
What is 1200 (base 4) in base 16?
60
3 (base 5) to base 16
3
What is -10 (base 3) in base 6?
-3
121 (base 5) to base 11
33
-4 (base 9) to base 12
-4
Convert 106 (base 7) to base 10.
55
Convert -2 (base 10) to base 8.
-2
11 (base 13) to base 8
16
What is 53 (base 7) in base 4?
212
What is 2 (base 14) in base 11?
2
27 (base 9) to base 6
41
What is 2 (base 7) in base 8?
2
5 (base 13) to base 12
5
6 (base 16) to base 6
10
27 (base 9) to base 5
100
Convert -300 (base 7) to base 14.
-a7
2 (base 10) to base 15
2
Convert 21 (base 4) to base 11.
9
What is -203 (base 6) in base 13?
-5a
Convert 5b (base 15) to base 10.
86
Convert -c5 (base 15) to base 14.
-d3
1 (base 4) to base 10
1
Convert -201 (base 4) to base 3.
-1020
-25 (base 7) to base 10
-19
Convert -10 (base 5) to base 15.
-5
Convert -221 (base 3) to base 14.
-1b
0 (base 16) to base 10
0
What is -1 (base 6) in base 4?
-1
Convert -fd (base 16) to base 14.
-141
41 (base 7) to base 15
1e
-1 (base 3) to base 4
-1
4 (base 8) to base 2
100
What is -14 (base 8) in base 11?
-11
122 (base 4) to base 12
22
20102 (base 3) to base 11
148
Convert -6 (base 9) to base 5.
-11
110100 (base 2) to base 10
52
-443 (base 6) to base 12
-123
22111 (base 3) to base 12
171
-7 (base 9) to base 7
-10
Convert -4 (base 15) to base 14.
-4
-2230 (base 5) to base 11
-267
Convert -10 (base 4) to base 3.
-11
-6b (base 16) to base 12
-8b
2 (base 3) to base 2
10
What is 47 (base 12) in base 11?
50
Convert -1 (base 12) to base 4.
-1
Convert 17 (base 9) to base 7.
22
6 (base 13) to base 14
6
Convert 52 (base 6) to base 10.
32
What is 144 (base 7) in base 9?
100
What is 22 (base 10) in base 4?
112
-46 (base 11) to base 15
-35
Convert -14 (base 10) to base 9.
-15
Convert -a (base 13) to base 5.
-20
What is 10 (base 2) in base 11?
2
73 (base 15) to base 16
6c
-110 (base 5) to base 10
-30
0 (base 9) to base 13
0
Convert 0 (base 12) to base 11.
0
What is 310 (base 4) in base 6?
12